{"id":3162,"date":"2025-01-31T14:33:01","date_gmt":"2025-01-31T14:33:01","guid":{"rendered":"https:\/\/sdtax.com.tr\/?page_id=3162"},"modified":"2025-01-31T20:26:02","modified_gmt":"2025-01-31T20:26:02","slug":"guncel-mevzuat","status":"publish","type":"page","link":"https:\/\/sdtax.com.tr\/index.php\/guncel-mevzuat\/","title":{"rendered":"G\u00fcncel Mevzuatlar"},"content":{"rendered":"\t\t<div data-elementor-type=\"wp-page\" data-elementor-id=\"3162\" class=\"elementor elementor-3162\">\n\t\t\t\t<div class=\"elementor-element elementor-element-c21cfca e-flex e-con-boxed e-con e-parent\" data-id=\"c21cfca\" data-element_type=\"container\">\n\t\t\t\t\t<div class=\"e-con-inner\">\n\t\t<div class=\"elementor-element elementor-element-3be0716 e-con-full e-flex e-con e-child\" data-id=\"3be0716\" data-element_type=\"container\">\n\t\t<div class=\"elementor-element elementor-element-491fcce e-con-full e-flex e-con e-child\" data-id=\"491fcce\" data-element_type=\"container\">\n\t\t<div class=\"elementor-element elementor-element-1bdae85 e-con-full e-flex e-con e-child\" data-id=\"1bdae85\" data-element_type=\"container\">\n\t\t<div class=\"elementor-element elementor-element-1998709 e-con-full e-flex e-con e-child\" data-id=\"1998709\" data-element_type=\"container\">\n\t\t\t\t<div class=\"elementor-element elementor-element-81b2110 elementor-widget elementor-widget-image\" data-id=\"81b2110\" data-element_type=\"widget\" data-widget_type=\"image.default\">\n\t\t\t\t<div class=\"elementor-widget-container\">\n\t\t\t\t\t\t\t\t\t\t\t\t\t\t\t\t<a href=\"https:\/\/www.gib.gov.tr\/kanun-madde-goruntule?tid=0&#038;sk=80255\" target=\"_blank\">\n\t\t\t\t\t\t\t<img fetchpriority=\"high\" decoding=\"async\" width=\"300\" height=\"300\" src=\"https:\/\/sdtax.com.tr\/wp-content\/uploads\/2025\/01\/DAMGA-VERGISI-KANUNU-300x300.png\" class=\"elementor-animation-wobble-vertical attachment-medium size-medium wp-image-3190\" alt=\"\" srcset=\"https:\/\/sdtax.com.tr\/wp-content\/uploads\/2025\/01\/DAMGA-VERGISI-KANUNU-300x300.png 300w, https:\/\/sdtax.com.tr\/wp-content\/uploads\/2025\/01\/DAMGA-VERGISI-KANUNU-150x150.png 150w, https:\/\/sdtax.com.tr\/wp-content\/uploads\/2025\/01\/DAMGA-VERGISI-KANUNU.png 384w\" sizes=\"(max-width: 300px) 100vw, 300px\" \/>\t\t\t\t\t\t\t\t<\/a>\n\t\t\t\t\t\t\t\t\t\t\t\t\t\t\t<\/div>\n\t\t\t\t<\/div>\n\t\t<div class=\"elementor-element elementor-element-0f51332 e-con-full e-flex e-con e-child\" data-id=\"0f51332\" data-element_type=\"container\" data-settings=\"{&quot;position&quot;:&quot;absolute&quot;}\">\n\t\t\t\t<div class=\"elementor-element elementor-element-4cdac38 elementor-widget__width-initial elementor-absolute elementor-align-center elementor-invisible elementor-widget elementor-widget-button\" data-id=\"4cdac38\" data-element_type=\"widget\" data-settings=\"{&quot;_position&quot;:&quot;absolute&quot;}\" data-widget_type=\"button.default\">\n\t\t\t\t<div class=\"elementor-widget-container\">\n\t\t\t\t\t\t\t\t\t<div class=\"elementor-button-wrapper\">\n\t\t\t\t\t<a class=\"elementor-button elementor-button-link elementor-size-sm\" href=\"#\">\n\t\t\t\t\t\t<span class=\"elementor-button-content-wrapper\">\n\t\t\t\t\t\t\t\t\t<span class=\"elementor-button-text\">Buraya t\u0131kla<\/span>\n\t\t\t\t\t<\/span>\n\t\t\t\t\t<\/a>\n\t\t\t\t<\/div>\n\t\t\t\t\t\t\t\t<\/div>\n\t\t\t\t<\/div>\n\t\t\t\t<\/div>\n\t\t\t\t<\/div>\n\t\t<div class=\"elementor-element elementor-element-64642e4 e-con-full e-flex e-con e-child\" data-id=\"64642e4\" data-element_type=\"container\" data-settings=\"{&quot;background_background&quot;:&quot;classic&quot;}\">\n\t\t\t\t<div class=\"elementor-element elementor-element-45cb46d elementor-widget elementor-widget-heading\" data-id=\"45cb46d\" data-element_type=\"widget\" data-widget_type=\"heading.default\">\n\t\t\t\t<div class=\"elementor-widget-container\">\n\t\t\t\t\t<h6 class=\"elementor-heading-title elementor-size-default\"><a href=\"https:\/\/www.gib.gov.tr\/kanun-madde-goruntule?tid=0&#038;sk=80255https:\/\/www.gib.gov.tr\/kanun-madde-goruntule?tid=0&#038;sk=80255\" target=\"_blank\">DAMGA VERG\u0130S\u0130 KANUNU<\/a><\/h6>\t\t\t\t<\/div>\n\t\t\t\t<\/div>\n\t\t\t\t<\/div>\n\t\t\t\t<\/div>\n\t\t\t\t<\/div>\n\t\t\t\t<\/div>\n\t\t<div class=\"elementor-element elementor-element-23e4e1b e-con-full e-flex e-con e-child\" data-id=\"23e4e1b\" data-element_type=\"container\">\n\t\t<div class=\"elementor-element elementor-element-7a2b322 e-con-full e-flex e-con e-child\" data-id=\"7a2b322\" data-element_type=\"container\">\n\t\t<div class=\"elementor-element elementor-element-34cc12c e-con-full e-flex e-con e-child\" data-id=\"34cc12c\" data-element_type=\"container\">\n\t\t<div class=\"elementor-element elementor-element-c282e91 e-con-full e-flex e-con e-child\" data-id=\"c282e91\" data-element_type=\"container\">\n\t\t\t\t<div class=\"elementor-element elementor-element-e5034e2 elementor-widget elementor-widget-image\" data-id=\"e5034e2\" data-element_type=\"widget\" data-widget_type=\"image.default\">\n\t\t\t\t<div class=\"elementor-widget-container\">\n\t\t\t\t\t\t\t\t\t\t\t\t\t\t\t\t<a href=\"https:\/\/www.gib.gov.tr\/kanun-madde-goruntule?tid=0&#038;sk=80385\" target=\"_blank\">\n\t\t\t\t\t\t\t<img decoding=\"async\" width=\"300\" height=\"300\" src=\"https:\/\/sdtax.com.tr\/wp-content\/uploads\/2025\/01\/DAMGA-VERGISI-KANUNU-1-1-300x300.png\" class=\"elementor-animation-wobble-vertical attachment-medium size-medium wp-image-3192\" alt=\"\" srcset=\"https:\/\/sdtax.com.tr\/wp-content\/uploads\/2025\/01\/DAMGA-VERGISI-KANUNU-1-1-300x300.png 300w, https:\/\/sdtax.com.tr\/wp-content\/uploads\/2025\/01\/DAMGA-VERGISI-KANUNU-1-1-150x150.png 150w, https:\/\/sdtax.com.tr\/wp-content\/uploads\/2025\/01\/DAMGA-VERGISI-KANUNU-1-1.png 384w\" sizes=\"(max-width: 300px) 100vw, 300px\" \/>\t\t\t\t\t\t\t\t<\/a>\n\t\t\t\t\t\t\t\t\t\t\t\t\t\t\t<\/div>\n\t\t\t\t<\/div>\n\t\t<div class=\"elementor-element elementor-element-6fb64c9 e-con-full e-flex e-con e-child\" data-id=\"6fb64c9\" data-element_type=\"container\" data-settings=\"{&quot;position&quot;:&quot;absolute&quot;}\">\n\t\t\t\t<div class=\"elementor-element elementor-element-1623453 elementor-widget__width-initial elementor-absolute elementor-align-center elementor-invisible elementor-widget elementor-widget-button\" data-id=\"1623453\" data-element_type=\"widget\" data-settings=\"{&quot;_position&quot;:&quot;absolute&quot;}\" data-widget_type=\"button.default\">\n\t\t\t\t<div class=\"elementor-widget-container\">\n\t\t\t\t\t\t\t\t\t<div class=\"elementor-button-wrapper\">\n\t\t\t\t\t<a class=\"elementor-button elementor-button-link elementor-size-sm\" href=\"#\">\n\t\t\t\t\t\t<span class=\"elementor-button-content-wrapper\">\n\t\t\t\t\t\t\t\t\t<span class=\"elementor-button-text\">Buraya t\u0131kla<\/span>\n\t\t\t\t\t<\/span>\n\t\t\t\t\t<\/a>\n\t\t\t\t<\/div>\n\t\t\t\t\t\t\t\t<\/div>\n\t\t\t\t<\/div>\n\t\t\t\t<\/div>\n\t\t\t\t<\/div>\n\t\t<div class=\"elementor-element elementor-element-1f847ec e-con-full e-flex e-con e-child\" data-id=\"1f847ec\" data-element_type=\"container\" data-settings=\"{&quot;background_background&quot;:&quot;classic&quot;}\">\n\t\t\t\t<div class=\"elementor-element elementor-element-e9ac31c elementor-widget elementor-widget-heading\" data-id=\"e9ac31c\" data-element_type=\"widget\" data-widget_type=\"heading.default\">\n\t\t\t\t<div class=\"elementor-widget-container\">\n\t\t\t\t\t<h6 class=\"elementor-heading-title elementor-size-default\"><a href=\"https:\/\/www.gib.gov.tr\/kanun-madde-goruntule?tid=0&#038;sk=80385\" target=\"_blank\">GEL\u0130R VERG\u0130S\u0130 KANUNU<\/a><\/h6>\t\t\t\t<\/div>\n\t\t\t\t<\/div>\n\t\t\t\t<\/div>\n\t\t\t\t<\/div>\n\t\t\t\t<\/div>\n\t\t\t\t<\/div>\n\t\t<div class=\"elementor-element elementor-element-7f4670c e-con-full e-flex e-con e-child\" data-id=\"7f4670c\" data-element_type=\"container\">\n\t\t<div class=\"elementor-element elementor-element-299e39a e-con-full e-flex e-con e-child\" data-id=\"299e39a\" data-element_type=\"container\">\n\t\t<div class=\"elementor-element elementor-element-a8ca712 e-con-full e-flex e-con e-child\" data-id=\"a8ca712\" data-element_type=\"container\">\n\t\t<div class=\"elementor-element elementor-element-b19d266 e-con-full e-flex e-con e-child\" data-id=\"b19d266\" data-element_type=\"container\">\n\t\t\t\t<div class=\"elementor-element elementor-element-f77d8bd elementor-widget elementor-widget-image\" data-id=\"f77d8bd\" data-element_type=\"widget\" data-widget_type=\"image.default\">\n\t\t\t\t<div class=\"elementor-widget-container\">\n\t\t\t\t\t\t\t\t\t\t\t\t\t\t\t\t<a href=\"https:\/\/www.gib.gov.tr\/kanun-madde-goruntule?tid=0&#038;sk=80322\" target=\"_blank\">\n\t\t\t\t\t\t\t<img decoding=\"async\" width=\"300\" height=\"300\" src=\"https:\/\/sdtax.com.tr\/wp-content\/uploads\/2025\/01\/DAMGA-VERGISI-KANUNU-2-300x300.png\" class=\"elementor-animation-wobble-vertical attachment-medium size-medium wp-image-3193\" alt=\"\" srcset=\"https:\/\/sdtax.com.tr\/wp-content\/uploads\/2025\/01\/DAMGA-VERGISI-KANUNU-2-300x300.png 300w, https:\/\/sdtax.com.tr\/wp-content\/uploads\/2025\/01\/DAMGA-VERGISI-KANUNU-2-150x150.png 150w, https:\/\/sdtax.com.tr\/wp-content\/uploads\/2025\/01\/DAMGA-VERGISI-KANUNU-2.png 384w\" sizes=\"(max-width: 300px) 100vw, 300px\" \/>\t\t\t\t\t\t\t\t<\/a>\n\t\t\t\t\t\t\t\t\t\t\t\t\t\t\t<\/div>\n\t\t\t\t<\/div>\n\t\t<div class=\"elementor-element elementor-element-b323bde e-con-full e-flex e-con e-child\" data-id=\"b323bde\" data-element_type=\"container\" data-settings=\"{&quot;position&quot;:&quot;absolute&quot;}\">\n\t\t\t\t<div class=\"elementor-element elementor-element-85454d8 elementor-widget__width-initial elementor-absolute elementor-align-center elementor-invisible elementor-widget elementor-widget-button\" data-id=\"85454d8\" data-element_type=\"widget\" data-settings=\"{&quot;_position&quot;:&quot;absolute&quot;}\" data-widget_type=\"button.default\">\n\t\t\t\t<div class=\"elementor-widget-container\">\n\t\t\t\t\t\t\t\t\t<div class=\"elementor-button-wrapper\">\n\t\t\t\t\t<a class=\"elementor-button elementor-button-link elementor-size-sm\" href=\"#\">\n\t\t\t\t\t\t<span class=\"elementor-button-content-wrapper\">\n\t\t\t\t\t\t\t\t\t<span class=\"elementor-button-text\">Buraya t\u0131kla<\/span>\n\t\t\t\t\t<\/span>\n\t\t\t\t\t<\/a>\n\t\t\t\t<\/div>\n\t\t\t\t\t\t\t\t<\/div>\n\t\t\t\t<\/div>\n\t\t\t\t<\/div>\n\t\t\t\t<\/div>\n\t\t<div class=\"elementor-element elementor-element-77f7f68 e-con-full e-flex e-con e-child\" data-id=\"77f7f68\" data-element_type=\"container\" data-settings=\"{&quot;background_background&quot;:&quot;classic&quot;}\">\n\t\t\t\t<div class=\"elementor-element elementor-element-2e06e9b elementor-widget elementor-widget-heading\" data-id=\"2e06e9b\" data-element_type=\"widget\" data-widget_type=\"heading.default\">\n\t\t\t\t<div class=\"elementor-widget-container\">\n\t\t\t\t\t<h6 class=\"elementor-heading-title elementor-size-default\"><a href=\"https:\/\/www.gib.gov.tr\/kanun-madde-goruntule?tid=0&#038;sk=80322\" target=\"_blank\">KATMA DE\u011eER VERG\u0130S\u0130 KANUNU<\/a><\/h6>\t\t\t\t<\/div>\n\t\t\t\t<\/div>\n\t\t\t\t<\/div>\n\t\t\t\t<\/div>\n\t\t\t\t<\/div>\n\t\t\t\t<\/div>\n\t\t<div class=\"elementor-element elementor-element-024a80b e-con-full e-flex e-con e-child\" data-id=\"024a80b\" data-element_type=\"container\">\n\t\t<div class=\"elementor-element elementor-element-7855826 e-con-full e-flex e-con e-child\" data-id=\"7855826\" data-element_type=\"container\">\n\t\t<div class=\"elementor-element elementor-element-4a5a9c0 e-con-full e-flex e-con e-child\" data-id=\"4a5a9c0\" data-element_type=\"container\">\n\t\t<div class=\"elementor-element elementor-element-24e92c2 e-con-full e-flex e-con e-child\" data-id=\"24e92c2\" data-element_type=\"container\">\n\t\t\t\t<div class=\"elementor-element elementor-element-355ea0b elementor-widget elementor-widget-image\" data-id=\"355ea0b\" data-element_type=\"widget\" data-widget_type=\"image.default\">\n\t\t\t\t<div class=\"elementor-widget-container\">\n\t\t\t\t\t\t\t\t\t\t\t\t\t\t\t\t<a href=\"https:\/\/www.gib.gov.tr\/kanun-madde-goruntule?tid=0&#038;sk=80335\" target=\"_blank\">\n\t\t\t\t\t\t\t<img loading=\"lazy\" decoding=\"async\" width=\"300\" height=\"300\" src=\"https:\/\/sdtax.com.tr\/wp-content\/uploads\/2025\/01\/DAMGA-VERGISI-KANUNU-3-300x300.png\" class=\"elementor-animation-wobble-vertical attachment-medium size-medium wp-image-3194\" alt=\"\" srcset=\"https:\/\/sdtax.com.tr\/wp-content\/uploads\/2025\/01\/DAMGA-VERGISI-KANUNU-3-300x300.png 300w, https:\/\/sdtax.com.tr\/wp-content\/uploads\/2025\/01\/DAMGA-VERGISI-KANUNU-3-150x150.png 150w, https:\/\/sdtax.com.tr\/wp-content\/uploads\/2025\/01\/DAMGA-VERGISI-KANUNU-3.png 384w\" sizes=\"(max-width: 300px) 100vw, 300px\" \/>\t\t\t\t\t\t\t\t<\/a>\n\t\t\t\t\t\t\t\t\t\t\t\t\t\t\t<\/div>\n\t\t\t\t<\/div>\n\t\t<div class=\"elementor-element elementor-element-e169cfe e-con-full e-flex e-con e-child\" data-id=\"e169cfe\" data-element_type=\"container\" data-settings=\"{&quot;position&quot;:&quot;absolute&quot;}\">\n\t\t\t\t<div class=\"elementor-element elementor-element-174ecd8 elementor-widget__width-initial elementor-absolute elementor-align-center elementor-invisible elementor-widget elementor-widget-button\" data-id=\"174ecd8\" data-element_type=\"widget\" data-settings=\"{&quot;_position&quot;:&quot;absolute&quot;}\" data-widget_type=\"button.default\">\n\t\t\t\t<div class=\"elementor-widget-container\">\n\t\t\t\t\t\t\t\t\t<div class=\"elementor-button-wrapper\">\n\t\t\t\t\t<a class=\"elementor-button elementor-button-link elementor-size-sm\" href=\"#\">\n\t\t\t\t\t\t<span class=\"elementor-button-content-wrapper\">\n\t\t\t\t\t\t\t\t\t<span class=\"elementor-button-text\">Buraya t\u0131kla<\/span>\n\t\t\t\t\t<\/span>\n\t\t\t\t\t<\/a>\n\t\t\t\t<\/div>\n\t\t\t\t\t\t\t\t<\/div>\n\t\t\t\t<\/div>\n\t\t\t\t<\/div>\n\t\t\t\t<\/div>\n\t\t<div class=\"elementor-element elementor-element-1de0bfd e-con-full e-flex e-con e-child\" data-id=\"1de0bfd\" data-element_type=\"container\" data-settings=\"{&quot;background_background&quot;:&quot;classic&quot;}\">\n\t\t\t\t<div class=\"elementor-element elementor-element-7a4e2ee elementor-widget elementor-widget-heading\" data-id=\"7a4e2ee\" data-element_type=\"widget\" data-widget_type=\"heading.default\">\n\t\t\t\t<div class=\"elementor-widget-container\">\n\t\t\t\t\t<h6 class=\"elementor-heading-title elementor-size-default\"><a href=\"https:\/\/www.gib.gov.tr\/kanun-madde-goruntule?tid=0&#038;sk=80335\" target=\"_blank\">KURUMLAR VERG\u0130S\u0130 KANUNU<\/a><\/h6>\t\t\t\t<\/div>\n\t\t\t\t<\/div>\n\t\t\t\t<\/div>\n\t\t\t\t<\/div>\n\t\t\t\t<\/div>\n\t\t\t\t<\/div>\n\t\t<div class=\"elementor-element elementor-element-71c9701 e-con-full e-flex e-con e-child\" data-id=\"71c9701\" data-element_type=\"container\">\n\t\t<div class=\"elementor-element elementor-element-9a62d48 e-con-full e-flex e-con e-child\" data-id=\"9a62d48\" data-element_type=\"container\">\n\t\t<div class=\"elementor-element elementor-element-fddc7b8 e-con-full e-flex e-con e-child\" data-id=\"fddc7b8\" data-element_type=\"container\">\n\t\t<div class=\"elementor-element elementor-element-f4b6cd2 e-con-full e-flex e-con e-child\" data-id=\"f4b6cd2\" data-element_type=\"container\">\n\t\t\t\t<div class=\"elementor-element elementor-element-c7ef479 elementor-widget elementor-widget-image\" data-id=\"c7ef479\" data-element_type=\"widget\" data-widget_type=\"image.default\">\n\t\t\t\t<div class=\"elementor-widget-container\">\n\t\t\t\t\t\t\t\t\t\t\t\t\t\t\t\t<a href=\"https:\/\/www.gib.gov.tr\/kanun-madde-goruntule?tid=0&#038;sk=80326\" target=\"_blank\">\n\t\t\t\t\t\t\t<img loading=\"lazy\" decoding=\"async\" width=\"300\" height=\"300\" src=\"https:\/\/sdtax.com.tr\/wp-content\/uploads\/2025\/01\/DAMGA-VERGISI-KANUNU-5-300x300.png\" class=\"elementor-animation-wobble-vertical attachment-medium size-medium wp-image-3196\" alt=\"\" srcset=\"https:\/\/sdtax.com.tr\/wp-content\/uploads\/2025\/01\/DAMGA-VERGISI-KANUNU-5-300x300.png 300w, https:\/\/sdtax.com.tr\/wp-content\/uploads\/2025\/01\/DAMGA-VERGISI-KANUNU-5-150x150.png 150w, https:\/\/sdtax.com.tr\/wp-content\/uploads\/2025\/01\/DAMGA-VERGISI-KANUNU-5.png 384w\" sizes=\"(max-width: 300px) 100vw, 300px\" \/>\t\t\t\t\t\t\t\t<\/a>\n\t\t\t\t\t\t\t\t\t\t\t\t\t\t\t<\/div>\n\t\t\t\t<\/div>\n\t\t<div class=\"elementor-element elementor-element-22d6162 e-con-full e-flex e-con e-child\" data-id=\"22d6162\" data-element_type=\"container\" data-settings=\"{&quot;position&quot;:&quot;absolute&quot;}\">\n\t\t\t\t<div class=\"elementor-element elementor-element-0c799bd elementor-widget__width-initial elementor-absolute elementor-align-center elementor-invisible elementor-widget elementor-widget-button\" data-id=\"0c799bd\" data-element_type=\"widget\" data-settings=\"{&quot;_position&quot;:&quot;absolute&quot;}\" data-widget_type=\"button.default\">\n\t\t\t\t<div class=\"elementor-widget-container\">\n\t\t\t\t\t\t\t\t\t<div class=\"elementor-button-wrapper\">\n\t\t\t\t\t<a class=\"elementor-button elementor-button-link elementor-size-sm\" href=\"#\">\n\t\t\t\t\t\t<span class=\"elementor-button-content-wrapper\">\n\t\t\t\t\t\t\t\t\t<span class=\"elementor-button-text\">Buraya t\u0131kla<\/span>\n\t\t\t\t\t<\/span>\n\t\t\t\t\t<\/a>\n\t\t\t\t<\/div>\n\t\t\t\t\t\t\t\t<\/div>\n\t\t\t\t<\/div>\n\t\t\t\t<\/div>\n\t\t\t\t<\/div>\n\t\t<div class=\"elementor-element elementor-element-964b3d7 e-con-full e-flex e-con e-child\" data-id=\"964b3d7\" data-element_type=\"container\" data-settings=\"{&quot;background_background&quot;:&quot;classic&quot;}\">\n\t\t\t\t<div class=\"elementor-element elementor-element-e104f4f elementor-widget elementor-widget-heading\" data-id=\"e104f4f\" data-element_type=\"widget\" data-widget_type=\"heading.default\">\n\t\t\t\t<div class=\"elementor-widget-container\">\n\t\t\t\t\t<h6 class=\"elementor-heading-title elementor-size-default\"><a href=\"https:\/\/www.gib.gov.tr\/kanun-madde-goruntule?tid=0&#038;sk=80326\" target=\"_blank\">VERG\u0130 USUL KANUNU<\/a><\/h6>\t\t\t\t<\/div>\n\t\t\t\t<\/div>\n\t\t\t\t<\/div>\n\t\t\t\t<\/div>\n\t\t\t\t<\/div>\n\t\t\t\t<\/div>\n\t\t<div class=\"elementor-element elementor-element-45a1b86 e-con-full e-flex e-con e-child\" data-id=\"45a1b86\" data-element_type=\"container\">\n\t\t<div class=\"elementor-element elementor-element-f903eee e-con-full e-flex e-con e-child\" data-id=\"f903eee\" data-element_type=\"container\">\n\t\t<div class=\"elementor-element elementor-element-e5ead8e e-con-full e-flex e-con e-child\" data-id=\"e5ead8e\" data-element_type=\"container\">\n\t\t<div class=\"elementor-element elementor-element-2a25526 e-con-full e-flex e-con e-child\" data-id=\"2a25526\" data-element_type=\"container\">\n\t\t\t\t<div class=\"elementor-element elementor-element-2b8c9bc elementor-widget elementor-widget-image\" data-id=\"2b8c9bc\" data-element_type=\"widget\" data-widget_type=\"image.default\">\n\t\t\t\t<div class=\"elementor-widget-container\">\n\t\t\t\t\t\t\t\t\t\t\t\t\t\t\t\t<a href=\"https:\/\/www.gib.gov.tr\/gibmevzuat\" target=\"_blank\">\n\t\t\t\t\t\t\t<img loading=\"lazy\" decoding=\"async\" width=\"300\" height=\"300\" src=\"https:\/\/sdtax.com.tr\/wp-content\/uploads\/2025\/01\/DAMGA-VERGISI-KANUNU-4-300x300.png\" class=\"elementor-animation-wobble-vertical attachment-medium size-medium wp-image-3195\" alt=\"\" srcset=\"https:\/\/sdtax.com.tr\/wp-content\/uploads\/2025\/01\/DAMGA-VERGISI-KANUNU-4-300x300.png 300w, https:\/\/sdtax.com.tr\/wp-content\/uploads\/2025\/01\/DAMGA-VERGISI-KANUNU-4-150x150.png 150w, https:\/\/sdtax.com.tr\/wp-content\/uploads\/2025\/01\/DAMGA-VERGISI-KANUNU-4.png 384w\" sizes=\"(max-width: 300px) 100vw, 300px\" \/>\t\t\t\t\t\t\t\t<\/a>\n\t\t\t\t\t\t\t\t\t\t\t\t\t\t\t<\/div>\n\t\t\t\t<\/div>\n\t\t<div class=\"elementor-element elementor-element-26bd984 e-con-full e-flex e-con e-child\" data-id=\"26bd984\" data-element_type=\"container\" data-settings=\"{&quot;position&quot;:&quot;absolute&quot;}\">\n\t\t\t\t<div class=\"elementor-element elementor-element-390b146 elementor-widget__width-initial elementor-absolute elementor-align-center elementor-invisible elementor-widget elementor-widget-button\" data-id=\"390b146\" data-element_type=\"widget\" data-settings=\"{&quot;_position&quot;:&quot;absolute&quot;}\" data-widget_type=\"button.default\">\n\t\t\t\t<div class=\"elementor-widget-container\">\n\t\t\t\t\t\t\t\t\t<div class=\"elementor-button-wrapper\">\n\t\t\t\t\t<a class=\"elementor-button elementor-button-link elementor-size-sm\" href=\"#\">\n\t\t\t\t\t\t<span class=\"elementor-button-content-wrapper\">\n\t\t\t\t\t\t\t\t\t<span class=\"elementor-button-text\">Buraya t\u0131kla<\/span>\n\t\t\t\t\t<\/span>\n\t\t\t\t\t<\/a>\n\t\t\t\t<\/div>\n\t\t\t\t\t\t\t\t<\/div>\n\t\t\t\t<\/div>\n\t\t\t\t<\/div>\n\t\t\t\t<\/div>\n\t\t<div class=\"elementor-element elementor-element-ee0adde e-con-full e-flex e-con e-child\" data-id=\"ee0adde\" data-element_type=\"container\" data-settings=\"{&quot;background_background&quot;:&quot;classic&quot;}\">\n\t\t\t\t<div class=\"elementor-element elementor-element-ad17faf elementor-widget elementor-widget-heading\" data-id=\"ad17faf\" data-element_type=\"widget\" data-widget_type=\"heading.default\">\n\t\t\t\t<div class=\"elementor-widget-container\">\n\t\t\t\t\t<h6 class=\"elementor-heading-title elementor-size-default\"><a href=\"https:\/\/www.gib.gov.tr\/gibmevzuat\" target=\"_blank\">T\u00dcM MEVZUATLAR<\/a><\/h6>\t\t\t\t<\/div>\n\t\t\t\t<\/div>\n\t\t\t\t<\/div>\n\t\t\t\t<\/div>\n\t\t\t\t<\/div>\n\t\t\t\t<\/div>\n\t\t\t\t\t<\/div>\n\t\t\t\t<\/div>\n\t\t\t\t<\/div>\n\t\t","protected":false},"excerpt":{"rendered":"<p>Buraya t\u0131kla DAMGA VERG\u0130S\u0130 KANUNU Buraya t\u0131kla GEL\u0130R VERG\u0130S\u0130 KANUNU Buraya t\u0131kla KATMA DE\u011eER VERG\u0130S\u0130 KANUNU Buraya t\u0131kla KURUMLAR VERG\u0130S\u0130 KANUNU Buraya t\u0131kla VERG\u0130 USUL KANUNU Buraya t\u0131kla T\u00dcM MEVZUATLAR<\/p>\n","protected":false},"author":1,"featured_media":0,"parent":0,"menu_order":0,"comment_status":"closed","ping_status":"closed","template":"","meta":{"footnotes":""},"class_list":["post-3162","page","type-page","status-publish","hentry"],"_links":{"self":[{"href":"https:\/\/sdtax.com.tr\/index.php\/wp-json\/wp\/v2\/pages\/3162","targetHints":{"allow":["GET"]}}],"collection":[{"href":"https:\/\/sdtax.com.tr\/index.php\/wp-json\/wp\/v2\/pages"}],"about":[{"href":"https:\/\/sdtax.com.tr\/index.php\/wp-json\/wp\/v2\/types\/page"}],"author":[{"embeddable":true,"href":"https:\/\/sdtax.com.tr\/index.php\/wp-json\/wp\/v2\/users\/1"}],"replies":[{"embeddable":true,"href":"https:\/\/sdtax.com.tr\/index.php\/wp-json\/wp\/v2\/comments?post=3162"}],"version-history":[{"count":14,"href":"https:\/\/sdtax.com.tr\/index.php\/wp-json\/wp\/v2\/pages\/3162\/revisions"}],"predecessor-version":[{"id":3205,"href":"https:\/\/sdtax.com.tr\/index.php\/wp-json\/wp\/v2\/pages\/3162\/revisions\/3205"}],"wp:attachment":[{"href":"https:\/\/sdtax.com.tr\/index.php\/wp-json\/wp\/v2\/media?parent=3162"}],"curies":[{"name":"wp","href":"https:\/\/api.w.org\/{rel}","templated":true}]}}